ten thousands digit of 25641?
2
What is the hundreds digit of 702011?
0
What is the tens digit of 958520?
2
What is the hundred thousands digit of 359119?
3
What is the hundred thousands digit of 6322040?
3
What is the ten thousands digit of 187248?
8
What is the hundred thousands digit of 8565237?
5
What is the hundred thousands digit of 5476107?
4
What is the tens digit of 1678505?
0
What is the hundreds digit of 124339?
3
What is the thousands digit of 223499?
3
What is the hundreds digit of 62549?
5
What is the millions digit of 2938908?
2
What is the thousands digit of 39830620?
0
What is the units digit of 68810?
0
What is the millions digit of 3143256?
3
What is the units digit of 9710522?
2
What is the thousands digit of 35046191?
6
What is the hundreds digit of 1789818?
8
What is the hundred thousands digit of 5075245?
0
What is the ten thousands digit of 21761713?
6
What is the hundreds digit of 607?
6
What is the units digit of 1054089?
9
What is the hundreds digit of 71838?
8
What is the hundreds digit of 7236095?
0
What is the ten thousands digit of 86749?
8
What is the thousands digit of 401642?
1
What is the hundreds digit of 87730?
7
What is the millions digit of 5005738?
5
What is the millions digit of 5880217?
5
What is the millions digit of 14647878?
4
What is the hundreds digit of 258152?
1
What is the tens digit of 9436289?
8
What is the thousands digit of 864394?
4
What is the units digit of 35570238?
8
What is the hundred thousands digit of 2073488?
0
What is the ten millions digit of 16247551?
1
What is the hundred thousands digit of 849195?
8
What is the ten thousands digit of 10003347?
0
What is the units digit of 25096?
6
What is the tens digit of 2307811?
1
What is the tens digit of 3247362?
6
What is the units digit of 6866973?
3
What is the hundred thousands digit of 7091977?
0
What is the units digit of 1786144?
4
What is the units digit of 262465?
5
What is the thousands digit of 4196148?
6
What is the ten thousands digit of 17561950?
6
What is the units digit of 1381064?
4
What is the thousands digit of 2062728?
2
What is the hundreds digit of 26684537?
5
What is the units digit of 20059145?
5
What is the units digit of 19742600?
0
What is the hundreds digit of 142836?
8
What is the hundreds digit of 15431068?
0
What is the ten thousands digit of 202457?
0
What is the ten thousands digit of 1614287?
1
What is the ten thousands digit of 5091539?
9
What is the units digit of 3569895?
5
What is the thousands digit of 19733?
9
What is the ten thousands digit of 310489?
1
What is the tens digit of 52232?
3
What is the ten thousands digit of 835550?
3
What is the tens digit of 295756?
5
What is the thousands digit of 71596?
1
What is the tens digit of 3187778?
7
What is the hundreds digit of 2151819?
8
What is the thousands digit of 1755981?
5
What is the hundred thousands digit of 134611?
1
What is the ten thousands digit of 166915?
6
What is the tens digit of 43446?
4
What is the thousands digit of 271171?
1
What is the ten thousands digit of 258560?
5
What is the millions digit of 8160253?
8
What is the ten thousands digit of 791703?
9
What is the thousands digit of 349903?
9
What is the hundred thousands digit of 554890?
5
What is the hundred thousands digit of 3427297?
4
What is the hundred thousands digit of 3427187?
4
What is the millions digit of 1083937?
1
What is the units digit of 233269?
9
What is the millions digit of 13069282?
3
What is the thousands digit of 7115922?
5
What is the hundreds digit of 471313?
3
What is the hundreds digit of 1002549?
5
What is the hundred thousands digit of 258972?
2
What is the ten thousands digit of 128261?
2
What is the hundreds digit of 2742869?
8
What is the ten thousands digit of 5862497?
6
What is the hundreds digit of 6642568?
5
What is the hundreds digit of 3765482?
4
What is the thousands digit of 1186763?
6
What is the hundreds digit of 6510595?
5
What is the units digit of 268569?
9
What is the hundreds digit of 627266?
2
What is the millions digit of 13710196?
3
What is the millions digit of 3288167?
3
What is the ten thousands digit of 211072?
1
What is the ten thousands digit of 4714946?
1
What is the millions digit of 25430259?
5
What is the millions digit of 7249199?
7
What is the thousands digit of 342005?
2
What is the units digit of 9554390?
0
What is the thousands digit of 405582?
5
What is the ten millions digit of 16799206?
1
What is the ten thousands digit of 283128?
8
What is the tens digit of 5928491?
9
What is the millions digit of 1994267?
1
What is the ten thousands digit of 123400?
2
What is the units digit of 1044755?
5
What is the ten thousands digit of 6628749?
2
What is the units digit of 1460931?
1
What is the hundred thousands digit of 1507863?
5
What is the ten thousands digit of 3672056?
7
What is the ten thousands digit of 100972?
0
What is the units digit of 234477?
7
What is the ten thousands digit of 34461792?
6
What is the ten thousands digit of 2038117?
3
What is the hundred thousands digit of 182748?
1
What is the ten thousands digit of 388669?
8
What is the units digit of 637799?
9
What is the thousands digit of 162543?
2
What is the tens digit of 18393?
9
What is the hundred thousands digit of 340003?
3
What is the tens digit of 99033?
3
What is the thousands digit of 9637767?
7
What is the units digit of 74271?
1
What is the thousands digit of 217700?
7
What is the hundred thousands digit of 3672039?
6
What is the hundred thousands digit of 15181880?
1
What is the hundred thousands digit of 335512?
3
What is the ten thousands digit of 369677?
6
What is the hundred thousands digit of 4403388?
4
What is the thousands digit of 616687?
6
What is the units digit of 32677183?
3
What is the hundreds digit of 11232988?
9
What is the thousands digit of 75656?
5
What is the tens digit of 1763738?
3
What is the tens digit of 36591?
9
What is the tens digit of 2761876?
7
What is the ten thousands digit of 249156?
4
What is the millions digit of 3512551?
3
What is the thousands digit of 4334531?
4
What is the hundreds digit of 845956?
9
What is the hundred thousands digit of 196563?
1
What is the units digit of 10059449?
9
What is the tens digit of 51222?
2
What is the ten thousands digit of 6180280?
8
What is the hundreds digit of 821203?
2
What is the ten millions digit of 12512917?
1
What is the tens digit of 1569704?
0
What is the thousands digit of 22111902?
1
What is the units digit of 16632364?
4
What is the ten thousands digit of 142035?
4
What is the hundred thousands digit of 228745?
2
What is the ten thousands digit of 3856321?
5
What is the ten thousands digit of 3694082?
9
What is the millions digit of 7516474?
7
What is the tens digit of 249707?
0
What is the tens digit of 3460522?
2
What is the tens digit of 14089070?
7
What is the ten thousands digit of 3439332?
3
What is the millions digit of 4927271?
4
What is the tens digit of 1011029?
2
What is the hundred thousands digit of 1835820?
8
What is the units digit of 3501742?
2
What is the tens digit of 592459?
5
What is the hundreds digit of 1460762?
7
What is the tens digit of 175261?
6
What is the hundreds digit of 28286534?
5
What is the ten thousands digit of 365947?
6
What is the hundred thousands digit of 10029103?
0
What is the thousands digit of 717260?
7
What is the thousands digit of 160992?
0
What is the hundred thousands digit of 16854129?
8
What is the ten thousands digit of 1299812?
9
What is the ten thousands digit of 4385846?
8
What is the units digit of 301358?
8
What is the ten thousands digit of 3549334?
4
What is the hundred thousands digit of 337345?
3
What is the ten thousands digit of 1240335?
4
What is the hundreds digit of 25349?
3
What is the ten thousands digit of 5223667?
2
What is the tens digit of 200231?
3
What is the hundred thousands digit of 755211?
7
What is the millions digit of 3913248?
3
What is the thousands digit of 451159?
1
What is the ten thousands digit of 758087?
5
What is the hundred thousands digit of 897062?
8
What is the hundreds digit of 6503553?
5
What is the tens digit of 121804?
0
What is the ten thousands digit of 2126399?
2
What is the hundred thousands digit of 2400004?
4
What is the hundreds digit of 677666?
6
W